hat is 20 + 24114?
24134
In base 9, what is -25472487 + -3?
-25472501
In base 13, what is 0 + 1046c?
1046c
In base 16, what is -41b + -e?
-429
In base 11, what is -5959 + 19?
-5940
In base 16, what is 3a848 + -10?
3a838
In base 14, what is -2 + -112d3?
-112d5
In base 14, what is 5 + 1153?
1158
In base 5, what is -12410201 - 4?
-12410210
In base 7, what is -53 - -220?
134
In base 13, what is -32 + 960?
92b
In base 16, what is 131a - 94?
1286
In base 12, what is 5 - -2185b?
21864
In base 14, what is 4 - 3ca2d?
-3ca29
In base 6, what is -1033 + -23130?
-24203
In base 8, what is -67 + 14277?
14210
In base 12, what is -4 + -9089?
-9091
In base 15, what is 3 + -12ed5a?
-12ed57
In base 2, what is -11001 + 1001111010001?
1001110111000
In base 10, what is 2 + 49141?
49143
In base 8, what is 2013 - 74?
1717
In base 6, what is 4 + 1224014?
1224022
In base 3, what is 202 + 2222100?
10000002
In base 10, what is -46642 + -3?
-46645
In base 9, what is -31768 - -2?
-31766
In base 15, what is -21 - -19e3?
19c2
In base 4, what is -30311 + -311?
-31222
In base 16, what is 8b + -8d8c?
-8d01
In base 5, what is -4 - 1200343?
-1200402
In base 11, what is 14aa8 - -20?
15018
In base 10, what is 40 - 4670?
-4630
In base 10, what is -3839 + -32?
-3871
In base 11, what is 123 + -3a2?
-27a
In base 11, what is 4044077 - -4?
4044080
In base 9, what is 2 - -674358?
674361
In base 5, what is -313204423 + -10?
-313204433
In base 8, what is 352565 - 1?
352564
In base 4, what is 13 - 1013120?
-1013101
In base 12, what is -4 + a459?
a455
In base 8, what is 12 - 1773?
-1761
In base 12, what is 47556 - -2?
47558
In base 14, what is -5 - -74ca?
74c5
In base 16, what is -a2 + 5f?
-43
In base 14, what is -b6 + -a87?
-b5d
In base 10, what is 0 + 311?
311
In base 5, what is 134 + -2314303?
-2314114
In base 15, what is 656d + -4?
6569
In base 8, what is -2627751 + 1?
-2627750
In base 5, what is -1220230 - -3?
-1220222
In base 4, what is 10201 - 202?
3333
In base 4, what is -3 - -203230030?
203230021
In base 2, what is 1011110 - 1010001110110?
-1010000011000
In base 12, what is -5 - 4480?
-4485
In base 12, what is 9595 - -2?
9597
In base 11, what is -266 + -366?
-621
In base 4, what is -112203 - -1031?
-111112
In base 15, what is -1c880 - -2?
-1c87d
In base 8, what is -337 + -25534?
-26073
In base 14, what is -295a + 35c?
-25dc
In base 10, what is 5613 + -9?
5604
In base 10, what is 346683 - -6?
346689
In base 8, what is 552 - 1736?
-1164
In base 13, what is -4a92 + -1?
-4a93
In base 15, what is 8cd - -76?
954
In base 12, what is -a2 + 4a1?
3bb
In base 5, what is 1 - -204001114?
204001120
In base 8, what is -1 + -124?
-125
In base 7, what is -2 + -4405025?
-4405030
In base 12, what is 0 - -b6a34?
b6a34
In base 15, what is -3 - -8aad?
8aaa
In base 5, what is 22402130 + 3?
22402133
In base 5, what is -31 + 3212301?
3212220
In base 16, what is 5 - -65cf5?
65cfa
In base 10, what is -5 - 1008281?
-1008286
In base 13, what is 11c3 - -89?
127c
In base 5, what is 2103 + 4114?
11222
In base 4, what is 10 + -331033?
-331023
In base 9, what is -12605 + 54?
-12541
In base 8, what is -11 + 25510?
25477
In base 8, what is 3134 - 3063?
51
In base 3, what is 10 + 100101211100?
100101211110
In base 11, what is -1 + 66669?
66668
In base 12, what is -367925 - 5?
-36792a
In base 15, what is -14 - 1a60e?
-1a623
In base 9, what is 787765 + -2?
787763
In base 11, what is -1425 + -12?
-1437
In base 3, what is -21001201022 + 10?
-21001201012
In base 3, what is -1020 + -1222?
-10012
In base 11, what is -11 + -34742?
-34753
In base 4, what is -1 + -20231?
-20232
In base 6, what is 45 - -11304?
11353
In base 15, what is -37 + 78?
41
In base 15, what is -14dd - 1c?
-150a
In base 11, what is 2 - -13705?
13707
In base 8, what is 142 + 167?
331
In base 6, what is 105 + 21435?
21544
In base 2, what is 11001 + -1000001000111011?
-1000001000100010
In base 3, what is -2022 + 21220111?
21211012
In base 16, what is -2 - -187b5?
187b3
In base 2, what is -10 - 10001011001110001010?
-10001011001110001100
In base 8, what is -5 + -20640?
-20645
In base 13, what is 177247 - -4?
17724b
In base 16, what is 8 - 17ec?
-17e4
In base 4, what is -10 + 3231311?
3231301
In base 4, what is -110 - 12202310?
-12203020
In base 9, what is 4 - 336411?
-336406
In base 11, what is -73626 + 0?
-73626
In base 12, what is -3 - a722?
-a725
In base 6, what is 40 - 1025?
-545
In base 7, what is -35 - 231331?
-231366
In base 6, what is 205525 - 114?
205411
In base 12, what is 356 + -3332?
-2b98
In base 3, what is 1001121 - 1202?
222212
In base 4, what is -333231 + -2?
-333233
In base 4, what is -12110002023 + 1?
-12110002022
In base 2, what is 1100011000001101100101 + -100?
1100011000001101100001
In base 3, what is 201 + 112212010011?
112212010212
In base 6, what is 1024225 + -3?
1024222
In base 12, what is 16744 + -3?
16741
In base 3, what is -2022202121 + 10202?
-2022121212
In base 8, what is 454343 - 4?
454337
In base 2, what is -11110101001110110 - 101?
-11110101001111011
In base 11, what is 23 + 64?
87
In base 9, what is -1202804 - 5?
-1202810
In base 4, what is -3200231 + 12?
-3200213
In base 15, what is 23477 - -17?
2348e
In base 15, what is 26c + -16d?
ee
In base 8, what is -23 - 424?
-447
In base 6, what is -2522551 + -3?
-2522554
In base 7, what is 11046 + -21?
11025
In base 14, what is -19 - 230b8?
-230d3
In base 6, what is 44 - 11401142?
-11401054
In base 7, what is 5 - 126214?
-126206
In base 4, what is -230332110 + 3?
-230332101
In base 4, what is -131 - 111133?
-111330
In base 15, what is -2 + 125bc?
125ba
In base 8, what is -74 + -1356?
-1452
In base 9, what is 633 + -73?
550
In base 14, what is 14067 + 1?
14068
In base 5, what is -3 + -1401141?
-1401144
In base 3, what is -1002 - -1221100?
1220021
In base 4, what is 10022012221 - 11?
10022012210
In base 14, what is 780 + -230?
550
In base 7, what is -1 - -206506?
206505
In base 16, what is -1 + -6ae?
-6af
In base 9, what is 34823 + 1?
34824
In base 7, what is -2 - -135401?
135366
In base 6, what is -34052100 + 2?
-34052054
In base 15, what is -c001 - -d?
-bee3
In base 12, what is -2 - -3b8b8?
3b8b6
In base 14, what is -29450 - -3?
-2944b
In base 4, what is 2 - 2002321221?
-2002321213
In base 11, what is 7 + 51227?
51233
In base 3, what is -221112012011 - 10?
-221112012021
In base 12, what is -1739 - 3?
-1740
In base 14, what is -c7 + 11?
-b6
In base 14, what is 1a3 - 4?
19d
In base 6, what is 24152510 + -2?
24152504
In base 6, what is -13 + -5350050?
-5350103
In base 8, what is -171 - -44110?
43717
In base 14, what is a47 + -149?
8dc
In base 11, what is -224 - 6?
-22a
In base 4, what is -12110130132 - -1?
-12110130131
In base 9, what is 203661 - -5?
203666
In base 13, what is 16 - -28165?
2817b
In base 4, what is -3221101333 - -2?
-3221101331
In base 12, what is 1 + -a018?
-a017
In base 10, what is -144 + 79?
-65
In base 10, what is 3 - 192255?
-192252
In base 10, what is 778 - 8?
770
In base 10, what is 87258 + -3?
87255
In base 5, what is 114 - -123231?
123400
In base 6, what is 3335 + -24?
3311
In base 14, what is -62499 - 0?
-62499
In base 11, what is -27 + 2079?
2052
In base 15, what is -4a - 2e?
-79
In base 16, what is -1e - -c89b?
c87d
In base 11, what is -45 - -69a?
655
In base 6, what is -22112 + 2454?
-15214
In base 2, what is -100111111 + -1001100000?
-1110011111
In base 2, what is 10100001101 + 1010000011?
11110010000
In base 4, what is 12 + 102113221?
102113233
In base 8, what is -5003 + -756?
-5761
In base 6, what is -122 - 341?
-503
In base 11, what is 5 + -115552?
-115548
In base 7, what is -3 + -14546?
-14552
In base 5, what is -10 - -4311124?
4311114
In base 2, what is -1011 - 10011010001001?
-10011010010100
In base 7, what is 2520 - -31?
2551
In base 6, what is -310 - -3?
-303
In base 5, what is 0 - 14420314?
-14420314
In base 12, what is -261293 - 0?
-261293
In base 12, what is -2 + -6b27?
-6b29
In base 7, what is -2656 - 22?
-3011
In base 11, what is -121a - -3059?
193a
In base 13, what is 5664c - 6?
56646
In base 6, what is -144001 + -5?
-144010
In base 4, what is 30222 + -110?
30112
In base 5, what is 41414 - 311?
41103
In base 9, what is 232 - 1070?
-737
In base 4, what is 3 - -120023?
120032
In base 7, what is -3 - 122606?
-122612
In base 15, what is -95a092 